 3, 5, 11, 107
List the prime factors of 1774059.
3, 7, 23, 3673
List the prime factors of 1066524.
2, 3, 31, 47, 61
List the prime factors of 834484.
2, 7, 29803
What are the prime factors of 409883?
23, 71, 251
List the prime factors of 4934647.
4934647
List the prime factors of 11767786.
2, 31, 59, 3217
What are the prime factors of 17307469?
61, 151, 1879
List the prime factors of 1339895.
5, 89, 3011
List the prime factors of 18679240.
2, 5, 73, 6397
What are the prime factors of 570266?
2, 19, 43, 349
List the prime factors of 187214.
2, 93607
What are the prime factors of 971688?
2, 3, 40487
What are the prime factors of 24862444?
2, 6215611
What are the prime factors of 1709623?
137, 12479
List the prime factors of 18604112.
2, 199, 5843
List the prime factors of 58567.
58567
List the prime factors of 185579.
151, 1229
What are the prime factors of 2018825?
5, 23, 3511
What are the prime factors of 490678?
2, 245339
List the prime factors of 37647.
3, 47, 89
What are the prime factors of 337476?
2, 3, 28123
What are the prime factors of 632258?
2, 11, 29, 991
List the prime factors of 481375.
5, 3851
What are the prime factors of 9552000?
2, 3, 5, 199
What are the prime factors of 18907398?
2, 3, 350137
List the prime factors of 9582934.
2, 17, 29, 9719
List the prime factors of 139309.
139309
List the prime factors of 80577.
3, 7, 1279
List the prime factors of 2845971.
3, 316219
List the prime factors of 492096.
2, 3, 11, 233
List the prime factors of 4376166.
2, 3, 127, 5743
List the prime factors of 434470.
2, 5, 23, 1889
List the prime factors of 22663835.
5, 4532767
What are the prime factors of 1061739?
3, 7, 19, 887
What are the prime factors of 785386?
2, 7, 56099
What are the prime factors of 14135912?
2, 7, 36061
What are the prime factors of 5122401?
3, 1707467
List the prime factors of 570689.
7, 81527
List the prime factors of 8723825.
5, 11, 31723
What are the prime factors of 14501165?
5, 7, 317, 1307
What are the prime factors of 2516435?
5, 503287
List the prime factors of 805939.
29, 27791
List the prime factors of 4429555.
5, 13, 68147
What are the prime factors of 57728?
2, 11, 41
List the prime factors of 1349160.
2, 3, 5, 11243
What are the prime factors of 1538776?
2, 192347
What are the prime factors of 658010?
2, 5, 29, 2269
What are the prime factors of 6521341?
383, 17027
List the prime factors of 5004838.
2, 1213, 2063
What are the prime factors of 338496?
2, 3, 41, 43
What are the prime factors of 1613418?
2, 3, 109, 2467
List the prime factors of 25732.
2, 7, 919
List the prime factors of 222728.
2, 11, 2531
List the prime factors of 17572368.
2, 3, 11, 23, 1447
What are the prime factors of 698458?
2, 179, 1951
List the prime factors of 234869.
234869
What are the prime factors of 2539349?
2539349
What are the prime factors of 1053355?
5, 210671
What are the prime factors of 1361904?
2, 3, 17, 1669
What are the prime factors of 1190803?
31, 107, 359
What are the prime factors of 25787206?
2, 29, 444607
What are the prime factors of 1236018?
2, 3, 7, 29429
List the prime factors of 151160.
2, 5, 3779
What are the prime factors of 9400131?
3, 13, 79, 113
List the prime factors of 525005.
5, 13, 41, 197
List the prime factors of 693346.
2, 31, 53, 211
What are the prime factors of 469581?
3, 7, 59, 379
What are the prime factors of 8154983?
8154983
List the prime factors of 11553116.
2, 277, 10427
List the prime factors of 6328521.
3, 703169
List the prime factors of 172285.
5, 34457
List the prime factors of 247543.
73, 3391
List the prime factors of 146575.
5, 11, 13, 41
What are the prime factors of 236617?
151, 1567
List the prime factors of 1533817.
1533817
What are the prime factors of 624980?
2, 5, 31249
List the prime factors of 569257.
13, 43789
List the prime factors of 20453.
113, 181
List the prime factors of 11062334.
2, 37, 149491
List the prime factors of 1263358.
2, 631679
List the prime factors of 19268999.
67, 287597
List the prime factors of 3981682.
2, 89, 22369
What are the prime factors of 2623415?
5, 524683
What are the prime factors of 3882598?
2, 977, 1987
What are the prime factors of 106520?
2, 5, 2663
What are the prime factors of 2931518?
2, 67, 131, 167
List the prime factors of 785329.
785329
What are the prime factors of 413582?
2, 13, 15907
List the prime factors of 2077437.
3, 263, 2633
What are the prime factors of 124489?
124489
List the prime factors of 6335717.
29, 197, 1109
List the prime factors of 746104.
2, 93263
List the prime factors of 859.
859
List the prime factors of 4346123.
41, 71, 1493
What are the prime factors of 24355242?
2, 3, 149, 1009
What are the prime factors of 65717?
65717
What are the prime factors of 820181?
269, 3049
What are the prime factors of 101351?
43, 2357
List the prime factors of 67609.
17, 41, 97
What are the prime factors of 876419?
37, 23687
What are the prime factors of 86338?
2, 7, 881
What are the prime factors of 55912?
2, 29, 241
What are the prime factors of 223918?
2, 111959
List the prime factors of 26052036.
2, 3, 2171003
What are the prime factors of 254438?
2, 127219
What are the prime factors of 13108464?
2, 3, 29, 43, 73
What are the prime factors of 342856?
2, 17, 2521
What are the prime factors of 95812?
2, 17, 1409
List the prime factors of 850744.
2, 19, 29, 193
What are the prime factors of 1762339?
17, 83, 1249
What are the prime factors of 647528?
2, 7, 31, 373
List the prime factors of 556490.
2, 5, 11, 5059
What are the prime factors of 4194371?
4194371
What are the prime factors of 118593?
3, 13177
What are the prime factors of 5149776?
2, 3, 17, 6311
List the prime factors of 601361.
37, 16253
What are the prime factors of 170422?
2, 7, 37, 47
List the prime factors of 36819.
3, 4091
What are the prime factors of 7809151?
7, 103, 10831
What are the prime factors of 19746877?
17, 1161581
List the prime factors of 38932.
2, 9733
List the prime factors of 2298435.
3, 5, 67, 2287
List the prime factors of 274207.
37, 7411
What are the prime factors of 794673?
3, 11, 23, 349
What are the prime factors of 2095862?
2, 17, 61643
List the prime factors of 4752229.
4752229
What are the prime factors of 243624?
2, 3, 10151
What are the prime factors of 17349007?
13, 139, 9601
What are the prime factors of 428525?
5, 61, 281
List the prime factors of 422419.
641, 659
List the prime factors of 92472.
2, 3, 3853
What are the prime factors of 5890619?
7, 17, 59, 839
List the prime factors of 685129.
37, 18517
List the prime factors of 118951.
7, 16993
What are the prime factors of 314301?
3, 13, 8059
What are the prime factors of 149161?
149161
What are the prime factors of 79008?
2, 3, 823
What are the prime factors of 326730?
2, 3, 5, 10891
What are the prime factors of 5531964?
2, 3, 19, 1277
List the prime factors of 681555.
3, 5, 7, 6491
List the prime factors of 980938.
2, 7, 70067
List the prime factors of 1564745.
5, 7, 13, 19, 181
What are the prime factors of 705200?
2, 5, 41, 43
List the prime factors of 283781.
17, 16693
What are the prime factors of 1561645?
5, 53, 71, 83
List the prime factors of 501494.
2, 7, 113, 317
List the prime factors of 74597.
74597
List the prime factors of 422497.
409, 1033
List the prime factors of 20888.
2, 7, 373
What are the prime factors of 118651?
13, 9127
List the prime factors of 224608.
2, 7019
List the prime factors of 658102.
2, 281, 1171
List the prime factors of 1599999.
3, 241, 2213
List the prime factors of 677931.
3, 225977
What are the prime factors of 473574?
2, 3, 78929
List the prime factors of 24824086.
2, 7, 253307
List the prime factors of 2293003.
73, 101, 311
What are the prime factors of 21634860?
2, 3, 5, 13, 27737
List the prime factors of 171950.
2, 5, 19, 181
List the prime factors of 799896.
2, 3, 33329
What are the prime factors of 144203?
144203
List the prime factors of 12251446.
2, 313, 19571
List the prime factors of 1929514.
2, 964757
List the prime factors of 420933.
3, 193, 727
List the prime factors of 7603248.
2, 3, 23, 71, 97
What are the prime factors of 52109?
107, 487
List the prime factors of 19368119.
3517, 5507
What are the prime factors of 218989?
218989
List the prime factors of 1742155.
5, 348431
What are the prime factors of 15